- -1100?
-1100111011110000001101100
In base 10, what is 170 - -1502?
1672
In base 7, what is -156210435 + 2?
-156210433
In base 15, what is 5 + -3a6b77b?
-3a6b776
In base 12, what is 2 + -1586949?
-1586947
In base 11, what is a535a - -72?
a5421
In base 7, what is 10332 - 1226?
6103
In base 14, what is 4 + 565da67?
565da6b
In base 15, what is a + -2c718c?
-2c7182
In base 5, what is -11142 - -1443413?
1432221
In base 7, what is -104263110 + -16?
-104263126
In base 3, what is 10220121021 - -12112?
10220210210
In base 13, what is -5 + 73824a3?
738249b
In base 14, what is 582 - c39d?
-bc1b
In base 10, what is -2 + -373095?
-373097
In base 10, what is -2 - -21641220?
21641218
In base 2, what is -1 + 11111000000000111011110?
11111000000000111011101
In base 14, what is -142d + -3700?
-4b2d
In base 7, what is -4 - -113644154?
113644150
In base 2, what is -10011 - 1010000010000010010?
-1010000010000100101
In base 13, what is -6ca0 + 596?
-6707
In base 3, what is 12 + 2122010100000020?
2122010100000102
In base 5, what is 12 + 1102000414?
1102000431
In base 12, what is 49 + -1599835?
-15997a8
In base 13, what is 360 - 3336?
-2ca6
In base 15, what is 77 - -c061b?
c0693
In base 13, what is 43 - 556277?
-556234
In base 7, what is 2 - 1611264?
-1611262
In base 11, what is -1668a + 156?
-16534
In base 10, what is 2307868 + 1?
2307869
In base 9, what is 0 + 4051564?
4051564
In base 14, what is 3 - -4b44615?
4b44618
In base 6, what is -420552135 + -3?
-420552142
In base 8, what is -36573141 - 5?
-36573146
In base 6, what is 15225214 - -21?
15225235
In base 5, what is -200 + 141032101?
141031401
In base 12, what is 16 - 291a6?
-29190
In base 16, what is -29c - -fc7?
d2b
In base 7, what is -545653064 - -3?
-545653061
In base 13, what is -23c2 + 82?
-2340
In base 16, what is 26b6af1 + -d?
26b6ae4
In base 15, what is -c70 + 238c?
161c
In base 4, what is -301332 + -112211131?
-113113123
In base 3, what is 1221010010022000 - 1?
1221010010021222
In base 8, what is 1 - -50121523?
50121524
In base 7, what is 36304136 + -11?
36304125
In base 13, what is 42783 + 7ac?
43262
In base 14, what is -6 + 5c02db?
5c02d5
In base 3, what is -11120210 - -1000200?
-10120010
In base 2, what is -1010000010100001000110000 - -10?
-1010000010100001000101110
In base 2, what is 1 + 11111101001101111101000?
11111101001101111101001
In base 3, what is 201222111122100 - 11?
201222111122012
In base 16, what is 165102 + 3?
165105
In base 5, what is 4221 + -1134412?
-1130141
In base 12, what is -376345 - -153?
-3761b2
In base 5, what is -4324 + 412344?
403020
In base 16, what is 1 - 12f10c5?
-12f10c4
In base 15, what is -408d + 141?
-3e4c
In base 13, what is -5c332 + -136?
-5c468
In base 16, what is -5c - -f229c?
f2240
In base 8, what is -7335453 - -35?
-7335416
In base 5, what is 1231134420 + 1?
1231134421
In base 5, what is -10044132 + -4?
-10044141
In base 2, what is -1110101110101011000 - 10101?
-1110101110101101101
In base 15, what is 80 - 48ad20?
-48ac90
In base 4, what is -1222 + 112331022?
112323200
In base 8, what is -1 + 47116046?
47116045
In base 15, what is 48a - 42a6d?
-425d3
In base 14, what is 3d55 + c0a?
4b61
In base 4, what is 2002012 - -21211?
2023223
In base 5, what is -123401 + 102013?
-21333
In base 14, what is 5 - 148986?
-148981
In base 9, what is -1021327 + -18?
-1021346
In base 11, what is -76316 - -460?
-75966
In base 3, what is 20200121222011 + -2?
20200121222002
In base 14, what is 30 - -222cd4?
222d24
In base 12, what is -7173a + -65?
-717a3
In base 15, what is -4b591 + -191?
-4b732
In base 3, what is 10202 + 11121220?
11202122
In base 4, what is -231332 - 122030?
-1020022
In base 12, what is 166941 - 36?
166907
In base 14, what is 335 + -805?
-4b0
In base 3, what is 20012120221 - -1122200?
20021020121
In base 10, what is -15 - -12311075?
12311060
In base 4, what is 10 - 11120012111030?
-11120012111020
In base 4, what is -320122031 - -1201?
-320120230
In base 13, what is -20 + 33453?
33433
In base 6, what is 1011115055 + 2?
1011115101
In base 5, what is 10301 + 2323134?
2333440
In base 5, what is 4013 + -414100301?
-414041233
In base 9, what is 130 - 103476?
-103346
In base 7, what is 113 + -104552650?
-104552534
In base 6, what is 2 + -142450245?
-142450243
In base 2, what is 100111101101 + 100000101010000001?
100001010001101110
In base 7, what is -366035501 - -11?
-366035460
In base 7, what is 11035 + -2003?
6032
In base 7, what is -336 + 1016216?
1015550
In base 2, what is -11111101011001 + 10100001000100?
-1011100010101
In base 5, what is 1130120133 - 0?
1130120133
In base 7, what is 23405 + -21316?
2056
In base 6, what is -4020411400 + 3?
-4020411353
In base 11, what is 29 + 776258?
776286
In base 3, what is -1012111202 - 12010?
-1012200212
In base 9, what is 31 + -87633?
-87602
In base 4, what is 13 + 132113113310?
132113113323
In base 6, what is -14 + 5503501?
5503443
In base 9, what is -132406 + 1640?
-130656
In base 14, what is 48 - -18c621c?
18c6266
In base 9, what is 130 + -3355150?
-3355020
In base 5, what is -200243342220 - 4?
-200243342224
In base 11, what is -69327180 - -1?
-6932717a
In base 6, what is 1233 + -1424342?
-1423105
In base 8, what is 520 + 123226?
123746
In base 4, what is -1333 + -213110100?
-213112033
In base 4, what is 121121 - -2213113?
3000300
In base 4, what is 22211 - 220121?
-131310
In base 12, what is 76b - 6b7?
74
In base 2, what is 10000010000010010110001111 - 1?
10000010000010010110001110
In base 4, what is 21320303323 + -11?
21320303312
In base 14, what is -9948a0d - 3?
-9948a12
In base 5, what is 2400 - -120344?
123244
In base 13, what is -1863a9 + 66?
-186343
In base 13, what is 1b8ca - -153?
1ba50
In base 13, what is -6439704 + 4?
-6439700
In base 14, what is -2d + 15d0d?
15cc0
In base 7, what is -163 - 52223323?
-52223516
In base 5, what is 1234423001 + 4?
1234423010
In base 16, what is 7 - -e249664?
e24966b
In base 9, what is 7 - 10167883?
-10167875
In base 5, what is 3343121344 + 141?
3343122040
In base 2, what is 1010101 - -101001011110010010?
101001011111100111
In base 14, what is -15d - bbc0?
-bd3d
In base 6, what is -55251520 + -12?
-55251532
In base 5, what is 333342 - -3022?
341414
In base 11, what is 5383408 + -41?
5383377
In base 14, what is -256dac83 + 0?
-256dac83
In base 6, what is -45 - 11412524?
-11413013
In base 8, what is 2123 + -1473367?
-1471244
In base 6, what is -342 + -2032113?
-2032455
In base 6, what is -451125013 - 125?
-451125142
In base 4, what is -2201 + 3300130?
3231323
In base 12, what is -603 + -25392?
-25995
In base 12, what is -4 - -372133?
37212b
In base 2, what is -100110100011100001010001 - 11?
-100110100011100001010100
In base 15, what is 6 + -149d88?
-149d82
In base 14, what is 645 + bdb21?
c0366
In base 14, what is 146 + -4c24?
-4abc
In base 11, what is 9614107 - 21?
9614096
In base 12, what is 7503a0 - a?
750392
In base 13, what is 2166 + -2295?
-12c
In base 11, what is 191a1 - -10?
19201
In base 13, what is 6250 - -62?
62b2
In base 14, what is 21786668 - 0?
21786668
In base 11, what is 123391 - 51a?
122972
In base 6, what is -203033 - -1?
-203032
In base 10, what is 8638 + 11556?
20194
In base 11, what is 676509 + 249?
676757
In base 14, what is -aa + -18a075?
-18a141
In base 15, what is 30a4 - -14a52?
17b06
In base 5, what is 4 + -21241012402?
-21241012343
In base 15, what is 2 + 70e8ab?
70e8ad
In base 8, what is -113254142 - 21?
-113254163
In base 6, what is 2351553213 - -101?
2351553314
In base 5, what is 2 + -110443400?
-110443343
In base 6, what is 43 + 40125132?
40125215
In base 11, what is -162451a + -a4?
-1624613
In base 9, what is -184286312 + 0?
-184286312
In base 14, what is 1390 - 10933?
-d583
In base 2, what is -101111111000 - 10011001000111010?
-10011111000110010
In base 13, what is -10 + 7a1a58?
7a1a48
In base 12, what is 13601b66 + 6?
13601b70
In base 15, what is -c + 52261c?
522610
In base 3, what is 1202 - -20022220020120?
20022220022022
In base 12, what is 2950781 + -1?
2950780
In base 13, what is -2361187 + ca?
-236108a
In base 4, what is -200300 + 1023230003?
1023023103
In base 6, what is 4013245021 - -22?
4013245043
In base 7, what is 2 + 4335666?
4336001
In base 10, what is 3 - 1294709?
-1294706
In base 15, what is 724884 + -1?
724883
In base 6, what is 3230